{"id":198,"date":"2008-02-16T11:03:41","date_gmt":"2008-02-16T10:03:41","guid":{"rendered":"http:\/\/medienpaedagogik.phil.uni-augsburg.de\/denkarium\/?page_id=198"},"modified":"2024-06-23T09:51:58","modified_gmt":"2024-06-23T08:51:58","slug":"impressum","status":"publish","type":"page","link":"https:\/\/didaktikbuero.de\/?page_id=198","title":{"rendered":"Impressum"},"content":{"rendered":"<p><strong>Dr. Frank Vohle<\/strong><\/p>\n<p>Burbekstra\u00dfe 37B<br \/>\n22523 Hamburg<\/p>\n<p>E-Mail: frank.hubert.vohle@gmail.com<\/p>\n<p>Tel.:\u00a0 +49 (0)163 8720772<\/p>\n<p><strong>Haftungsausschluss<\/strong>: Ich stelle alle Informationen nach bestem Wissen und Gewissen zusammen. Eine Gew\u00e4hr oder jegliche Haftung f\u00fcr die Funktion, Aktualit\u00e4t, Richtigkeit, Vollst\u00e4ndigkeit oder Qualit\u00e4t der Link-Verweise und insbesondere der Informationen der verwiesenen (&#8222;verlinkten&#8220;) Internetseiten der Drittanbieter (inklusive Rechtm\u00e4\u00dfigkeit des Inhaltes) kann aber nicht \u00fcbernommen werden. Die Rechte an diesen Seiten sowie die Verantwortlichkeit f\u00fcr deren Inhalt liegen ausschlie\u00dflich beim Drittanbieter. Dies gilt insbesondere f\u00fcr Inhalte, deren Verbreitung nach deutschem und ausl\u00e4ndischem Recht verboten ist und deren Beihilfe zur Verbreitung strafrechtlich verfolgt wird. Auch kann ich nicht garantieren, dass meine Sammlung oder die verlinkten Seiten keine Viren enthalten. Ich lehne grunds\u00e4tzlich jegliche Haftung f\u00fcr materielle oder ideelle Sch\u00e4den, insbesondere auch f\u00fcr Folgesch\u00e4den, ab, die durch die Nutzung der von mir zur Verf\u00fcgung gestellten Informationen verursacht wurden. Falls ein totaler Haftungsausschluss trotz der Unentgeltlichkeit der Informationen rechtlich nicht zul\u00e4ssig sein sollte, wird meine Haftung auf vors\u00e4tzliches oder grob fahrl\u00e4ssiges Verhalten beschr\u00e4nkt.<\/p>\n","protected":false},"excerpt":{"rendered":"<p>Dr. Frank Vohle Burbekstra\u00dfe 37B 22523 Hamburg E-Mail: frank.hubert.vohle@gmail.com Tel.:\u00a0 +49 (0)163 8720772 Haftungsausschluss: Ich stelle alle Informationen nach bestem Wissen und Gewissen zusammen. Eine Gew\u00e4hr oder jegliche Haftung f\u00fcr die Funktion, Aktualit\u00e4t, Richtigkeit, Vollst\u00e4ndigkeit oder Qualit\u00e4t der Link-Verweise und insbesondere der Informationen der verwiesenen (&#8222;verlinkten&#8220;) Internetseiten der Drittanbieter (inklusive Rechtm\u00e4\u00dfigkeit des Inhaltes) kann aber  [&#8230;]<\/p>\n","protected":false},"author":5,"featured_media":0,"parent":0,"menu_order":0,"comment_status":"closed","ping_status":"closed","template":"","meta":{"footnotes":""},"class_list":["post-198","page","type-page","status-publish","hentry"],"_links":{"self":[{"href":"https:\/\/didaktikbuero.de\/index.php?rest_route=\/wp\/v2\/pages\/198","targetHints":{"allow":["GET"]}}],"collection":[{"href":"https:\/\/didaktikbuero.de\/index.php?rest_route=\/wp\/v2\/pages"}],"about":[{"href":"https:\/\/didaktikbuero.de\/index.php?rest_route=\/wp\/v2\/types\/page"}],"author":[{"embeddable":true,"href":"https:\/\/didaktikbuero.de\/index.php?rest_route=\/wp\/v2\/users\/5"}],"replies":[{"embeddable":true,"href":"https:\/\/didaktikbuero.de\/index.php?rest_route=%2Fwp%2Fv2%2Fcomments&post=198"}],"version-history":[{"count":8,"href":"https:\/\/didaktikbuero.de\/index.php?rest_route=\/wp\/v2\/pages\/198\/revisions"}],"predecessor-version":[{"id":10957,"href":"https:\/\/didaktikbuero.de\/index.php?rest_route=\/wp\/v2\/pages\/198\/revisions\/10957"}],"wp:attachment":[{"href":"https:\/\/didaktikbuero.de\/index.php?rest_route=%2Fwp%2Fv2%2Fmedia&parent=198"}],"curies":[{"name":"wp","href":"https:\/\/api.w.org\/{rel}","templated":true}]}}